 Let w = -402 + b. What is the units digit of w?
9
Let b be 0/(((-6)/(-4))/(84/(-56))). Suppose 2*q - 5*h - 1417 = 0, -2*q - 3*h + 909 + 548 = b. What is the tens digit of q?
2
Suppose -3*r + 9 = -4*o + 2*r, -o - 11 = -3*r. Suppose -k = -5 - o. Suppose 0 = k*v + 188 - 503. What is the tens digit of v?
3
Suppose -2*g + 1062 = 2*r - 2524, -3*r = g - 1799. What is the units digit of g?
0
Suppose 18 = 6*t + 3*t. Let n(l) = 20*l + 4. Let d be n(t). Suppose -p + d = 5. What is the units digit of p?
9
Suppose 0 = -3*g - 13*g + 80. Suppose w = -m + 457, -g*m + 2*w + 2253 = -w. What is the units digit of m?
3
What is the tens digit of (-220 - -2008)*(-7)/(-4)?
2
Let j(g) = 95*g**2 + 8*g - 38. What is the thousands digit of j(7)?
4
Let a(n) = n**3 + 30*n**2 + 24*n - 9. Let d be a(-30). Let h = -350 - d. What is the hundreds digit of h?
3
Suppose -5*u - 15526 = h, 0*u - u - 2*h - 3107 = 0. What is the units digit of (-39)/(-91) + u/(-7)?
4
Let u(b) = -b + 1. Let r(v) = -56*v - 71. Let q(p) = r(p) + 2*u(p). What is the hundreds digit of q(-10)?
5
Suppose i = -156 + 108. What is the tens digit of -2 + 2510/6 + i/(-72)?
1
Suppose -24 = 4*b - 8, 2*b = -2*q + 574. Let o = -207 + q. Let w = o - 38. What is the tens digit of w?
4
Let v be 40/3*-1*(-18)/15. Suppose v*n = 21*n. What is the tens digit of (-404)/(-8)*(n - -2)?
0
What is the tens digit of 8/52 - (9707684/91)/(-14)?
2
Suppose -28*y - 250795 = -1025583. What is the thousands digit of y?
7
Suppose -22 + 24 = q. Let y = 2 + q. What is the units digit of (y/6)/((-474)/162 + 3)?
9
Suppose 3*t = -251 + 4043. What is the thousands digit of t?
1
Let b = 7836 - -13288. What is the hundreds digit of b?
1
Let v(z) = -22*z + 2. Let q(l) = l**2 - 7*l - 24. Let c be q(10). Suppose c*f + 6 = 3*f. What is the tens digit of v(f)?
4
Let b be 18876/8 - (-30)/20. Suppose 5*i = 3*o + 2379, 7*i + 3*o - b = 2*i. What is the hundreds digit of i?
4
Let o be (-3 + 1)*(-3)/2. Let y be ((0 - 4)/2)/o*-6. Suppose y*a - 286 = 2. What is the units digit of a?
2
Let q(t) = 16*t**3 + 43*t**2 - 187*t - 14. What is the ten thousands digit of q(10)?
1
Let r(v) = -6*v**3 + 6*v**2 + 76*v - 33. What is the ten thousands digit of r(-15)?
2
Suppose -59*y + 13596 = -57*y + 4*b, 3*y + 3*b = 20418. What is the hundreds digit of y?
8
Suppose k = 1087 - 1074. Suppose k*n - 22*n + 11871 = 0. What is the thousands digit of n?
1
Let i(p) = -p**3 + 3*p**2 - p - 13. Suppose 9 - 3 = -2*f + d, -2*f + 5*d + 2 = 0. What is the tens digit of i(f)?
0
Suppose 0 = 5*s - 856 - 834. Let u be s/(0 + 5 + -3). Suppose 9*r = 637 - u. What is the units digit of r?
2
Let b(y) = 230*y**2 - 6*y + 6. Let q be b(1). Let c = q + -28. What is the hundreds digit of c?
2
Let r be 525/(-1)*(-6 - 1477/21). Suppose 23*n - r + 5230 = 0. What is the units digit of n?
5
Suppose -2*p = -2*k - 4, -6*p + 16 = -3*p - 5*k. What is the units digit of 615 - (3/p + 6)?
0
Let p(b) = -56*b + 18. Let x be p(-7). Let j = x - 180. What is the tens digit of j?
3
Suppose 167*i - 179*i + 148056 = 0. What is the ten thousands digit of i?
1
Suppose 23*l = 19*l - 228. Let p be (-8)/32 - l/4. Suppose -o + 2*o = p. What is the units digit of o?
4
Let y be (-1)/(-3 - 40/(-12)) + 36. Let r = 62 - y. Suppose -24*w = -r*w + 255. What is the tens digit of w?
5
Suppose -3*f = 2*s - 10442, -5*s + 18486 = 4*f - 7605. What is the hundreds digit of s?
2
Let r = 44 - 50. Let b(h) = -22*h - 104. What is the tens digit of b(r)?
2
Suppose 108406 = 67*a - 1011767. What is the hundreds digit of a?
7
Suppose 625*c + 18270 = 688*c. What is the tens digit of c?
9
Let w be 1 + -2 - -4*(-4)/(-8). Let h(u) = 356*u**2 + 2*u + 1. What is the units digit of h(w)?
9
Let a(b) = b**2 + 18*b - 24. Let u be a(-20). Let n(h) = h + 18. What is the tens digit of n(u)?
3
Suppose 0 = -167*y + 175*y - 88. Suppose y*v = 13*v - 58. What is the tens digit of v?
2
Suppose 0 = -20*s + 24*s - 1092. Suppose 3*g = f + s, 2*g - f = -6*f + 182. Let k = g + -22. What is the tens digit of k?
6
Let v(z) = z**3 + z**2 - 635. Let p(u) = -3*u**3 - 2*u**2 - 2*u + 1906. Let m(x) = 3*p(x) + 8*v(x). What is the units digit of m(0)?
8
Let g = -22758 + 56515. What is the ten thousands digit of g?
3
Let v(c) = -c - 1. Let q(l) = 4*l**2 + 17*l - 21. Let g(h) = q(h) + v(h). What is the tens digit of g(11)?
3
Let j = 73 - 65. Suppose -j*y + 2100 = -2*y. Suppose -124 = -m + 2*v, 261 = 5*m - v - y. What is the tens digit of m?
2
Suppose -572132 - 472104 - 422908 = -142*o. What is the units digit of o?
2
Suppose 0 = -14*w + 38 + 4. What is the units digit of ((-8)/2 - -8) + w?
7
Let r = -8702 - -17062. What is the hundreds digit of r?
3
Let a(v) = -v**3 + 20*v**2 - 39*v + 18. Let y be a(16). Suppose y - 84 = 2*k. Suppose -1047 + k = -4*d. What is the units digit of d?
0
What is the hundreds digit of (-37)/4*22*((-14 - -19) + -209)?
5
Let l = 10199 - -4036. What is the units digit of l?
5
Let v be 0 + 0 - (-68)/(-17). What is the units digit of 1/(-2 + -2) - 1229/v?
7
Let d(h) = 20*h - 22. Let l be d(19). Let j = -180 + l. What is the hundreds digit of j?
1
Let a = 4394 - 2978. Suppose -n = -4*s + 1888, 4*n = 4*s - s - a. What is the hundreds digit of s?
4
Let z(a) = -70747*a - 1569. What is the thousands digit of z(-1)?
9
Suppose -4*l - 251 + 5066 = 5*s, -5*s = -5*l - 4860. What is the tens digit of s?
6
Let h be (88/(-132))/((-2)/(-117)). Let r = h - -101. What is the units digit of r?
2
Let n = 21 - 25. Let f be (-5 - n)/((2 + 1)/(-2655)). Suppose 5*s + 5*a - f = 0, 4*s - 2*a + 178 = 5*s. What is the hundreds digit of s?
1
Let i(k) = 2*k + 58. Let s be i(0). Let b = s + 130. What is the tens digit of b?
8
Suppose 0 = 4*q - 4*t - 123588, 12*t - 8*t + 92698 = 3*q. What is the ten thousands digit of q?
3
Suppose -5*d + b + 159218 - 51028 = 0, -d + 21612 = 5*b. What is the tens digit of d?
3
Let i(q) = 21*q**3 - 7*q**2 + 35*q + 70. What is the thousands digit of i(8)?
0
Let h = 15357 - 5717. What is the thousands digit of h?
9
Let r(m) = -9*m + 13. Let b be r(1). Suppose -2*w - g = g - 100, b*g = 2*w - 76. What is the units digit of w?
6
Let j(r) = 28*r + 116. Let u be j(-4). Suppose 2*x - u*m - 2086 = 0, -16 + 0 = -4*m. What is the units digit of x?
1
Let a(x) = -3656*x - 1768. What is the units digit of a(-6)?
8
Suppose 5*w + 3*z - 336517 = 0, 0 = 160*w - 157*w - 5*z - 201849. What is the ten thousands digit of w?
6
Let r(g) be the second derivative of 7*g**4/12 + 19*g**3/2 + 47*g**2/2 + 8*g - 1. What is the thousands digit of r(-17)?
1
Suppose 3*f + y = 95611, -2*f - 571*y + 567*y + 63714 = 0. What is the tens digit of f?
7
Suppose -4*d - 5*v + 47 = 0, -2*v - 79 = -3*d + 3*v. Suppose 34*l = d*l + 16816. What is the units digit of l?
1
Suppose 0*s - 2*s = 5*w - 8911, 4*w - 2*s - 7118 = 0. Suppose 4*m - 595 = w. What is the tens digit of m?
9
Suppose -18*w = -26*w - 14*w + 671704. What is the units digit of w?
2
Suppose 1510 = -2*y - 2*k, -y + 2269 = -4*y - 2*k. Let v = 1066 + y. What is the units digit of v?
7
Let h = 411 - 875. Let y = h - -318. What is the hundreds digit of (y/(-5))/(-1 + (-12)/(-10))?
1
What is the thousands digit of ((-22 - -19)*195294/9)/(-1)?
5
What is the units digit of (3 + 7*-65)/((128/(-360))/8)?
0
Suppose 63*q - 2993614 + 709265 = -64*q. What is the thousands digit of q?
7
Let d = 283 - 278. Suppose 142 = d*m + 4*f - 3397, -2826 = -4*m + 2*f. What is the tens digit of m?
0
Suppose 6*t + 10850 = -t. Let j be (-138)/24 + 5 - t/8. Suppose j = 5*v + 3. What is the tens digit of v?
3
Suppose -5*n + 3*t + 23 = 0, 5*t + 2 = 3*t. Suppose n*q - 230 = -q + 5*y, -4*y + 160 = 4*q. What is the tens digit of q?
4
Suppose 5*t - 15*p + 11*p + 58 = 0, 4*t - 5*p = -41. Let d(j) = 4*j**2 - 22*j + 51. What is the hundreds digit of d(t)?
1
Let l(h) = 6*h**2 - 11*h - 32. Let i be l(9). Suppose i = 6*n - 1379. What is the units digit of n?
9
Suppose -2366 = -5*n - 4*h, 3*n + 0*h - 1406 = h. Suppose -n - 74 = 4*s. Let a = -58 - s. What is the tens digit of a?
7
Let b be (8/6)/(15/45). What is the tens digit of 3 - 4 - b - -66?
6
Suppose -5*g = 25, 2*a + g - 114 = -3*g. Suppose 0 = 14*x + a - 277. Suppose 0 = -x*m + 20*m - 545. What is the hundreds digit of m?
1
Let v be -4*1/20 - (-64)/(-5). Let g = 15 + v. Suppose 0 = z - g - 11. What is the tens digit of